alculate the remainder when 32226161 is divided by 16113044.
73
Calculate the remainder when 18900004 is divided by 129452.
12
What is the remainder when 144155 is divided by 1895?
135
Calculate the remainder when 4031542 is divided by 775.
767
What is the remainder when 14794 is divided by 1237?
1187
What is the remainder when 770831 is divided by 70053?
248
What is the remainder when 154610 is divided by 5124?
890
What is the remainder when 261559 is divided by 2572?
1787
What is the remainder when 236209 is divided by 75160?
10729
Calculate the remainder when 1682974 is divided by 21303.
37
Calculate the remainder when 226475994 is divided by 6291.
6285
Calculate the remainder when 1145425 is divided by 2937.
2932
What is the remainder when 4296710 is divided by 37?
11
What is the remainder when 6837745 is divided by 5276?
49
Calculate the remainder when 287534 is divided by 102.
98
Calculate the remainder when 70574047 is divided by 9.
7
Calculate the remainder when 125180335 is divided by 821.
2
Calculate the remainder when 89326082 is divided by 73.
70
What is the remainder when 467710206 is divided by 56?
54
Calculate the remainder when 1136502 is divided by 21435.
447
Calculate the remainder when 1206399 is divided by 2320.
2319
Calculate the remainder when 22051044 is divided by 82.
14
What is the remainder when 3656074 is divided by 914012?
26
What is the remainder when 96730411 is divided by 32243466?
13
What is the remainder when 33587181 is divided by 236?
133
Calculate the remainder when 2161519 is divided by 86.
81
Calculate the remainder when 290217 is divided by 28767.
2547
Calculate the remainder when 28307 is divided by 637.
279
Calculate the remainder when 338958 is divided by 338792.
166
What is the remainder when 528352 is divided by 264163?
26
What is the remainder when 45545 is divided by 20859?
3827
Calculate the remainder when 1204897 is divided by 11698.
3
Calculate the remainder when 20537667 is divided by 1199.
1195
Calculate the remainder when 312125 is divided by 1146.
413
Calculate the remainder when 72965 is divided by 125.
90
What is the remainder when 137273308 is divided by 23?
16
What is the remainder when 12792824 is divided by 240?
104
What is the remainder when 40713 is divided by 6131?
3927
Calculate the remainder when 260037 is divided by 1678.
1625
Calculate the remainder when 1262222828 is divided by 227.
224
Calculate the remainder when 2416820 is divided by 60420.
20
Calculate the remainder when 44095 is divided by 68.
31
Calculate the remainder when 16096494 is divided by 90.
84
Calculate the remainder when 33566224 is divided by 173.
72
Calculate the remainder when 37770 is divided by 11743.
2541
What is the remainder when 5938629 is divided by 116?
9
What is the remainder when 16294491 is divided by 4590?
4581
What is the remainder when 9606903 is divided by 116?
15
What is the remainder when 77116256 is divided by 148?
116
Calculate the remainder when 19102274 is divided by 657.
656
What is the remainder when 56454 is divided by 842?
40
What is the remainder when 4403409 is divided by 880582?
499
Calculate the remainder when 54653 is divided by 9096.
77
What is the remainder when 45741295 is divided by 184?
183
What is the remainder when 4911037 is divided by 371?
110
What is the remainder when 810005 is divided by 2905?
2415
Calculate the remainder when 13102 is divided by 1419.
331
What is the remainder when 258881 is divided by 4920?
3041
What is the remainder when 1634657 is divided by 1634635?
22
What is the remainder when 3340500 is divided by 360?
60
What is the remainder when 471962 is divided by 2677?
810
Calculate the remainder when 7235223 is divided by 54400.
23
What is the remainder when 1043619 is divided by 23191?
24
What is the remainder when 33330275 is divided by 126?
125
Calculate the remainder when 1201488 is divided by 296.
24
Calculate the remainder when 633104 is divided by 652.
12
What is the remainder when 30529 is divided by 858?
499
Calculate the remainder when 1789620 is divided by 78.
66
What is the remainder when 8597744 is divided by 25?
19
What is the remainder when 1016340 is divided by 403?
377
Calculate the remainder when 226111498 is divided by 473.
470
What is the remainder when 645388 is divided by 129023?
273
Calculate the remainder when 1116808 is divided by 91.
56
Calculate the remainder when 566330 is divided by 9762.
134
Calculate the remainder when 47939 is divided by 2806.
237
Calculate the remainder when 15813846 is divided by 1581384.
6
What is the remainder when 2261817 is divided by 452363?
2
Calculate the remainder when 3924042 is divided by 356731.
1
Calculate the remainder when 37297875 is divided by 862.
859
Calculate the remainder when 7027553 is divided by 1905.
8
Calculate the remainder when 33583301 is divided by 1883.
1879
Calculate the remainder when 111518646 is divided by 1187.
1183
Calculate the remainder when 1967345 is divided by 6536.
9
Calculate the remainder when 1607981 is divided by 803943.
95
Calculate the remainder when 94370 is divided by 1530.
1040
What is the remainder when 32579680 is divided by 5429942?
28
Calculate the remainder when 10494425 is divided by 362.
45
Calculate the remainder when 527451 is divided by 68.
43
Calculate the remainder when 7691530 is divided by 281.
279
What is the remainder when 6564138 is divided by 3018?
3006
What is the remainder when 26904486 is divided by 104?
102
Calculate the remainder when 53488 is divided by 5172.
1768
What is the remainder when 977734 is divided by 4444?
54
Calculate the remainder when 9717571 is divided by 35.
31
What is the remainder when 3146699 is divided by 566?
305
What is the remainder when 713617504 is divided by 189?
187
Calculate the remainder when 10477947 is divided by 998.
943
Calculate the remainder when 909216 is divided by 462.
0
What is the remainder when 41370969 is divided by 1164?
81
Calculate the remainder when 4168930 is divided by 211.
203
Calculate the remainder when 1856520 is divided by 146.
130
What is the remainder when 1207443 is divided by 301760?
403
What is the remainder when 26912765 is divided by 272?
269
Calculate the remainder when 1798589 is divided by 241.
6
What is the remainder when 5869686 is divided by 29?
28
Calculate the remainder when 27790991 is divided by 48.
47
What is the remainder when 2892719 is divided by 1724?
1571
Calculate the remainder when 117197 is divided by 3551.
14
Calculate the remainder when 3047497 is divided by 427.
425
What is the remainder when 2728347 is divided by 21?
6
Calculate the remainder when 114755268 is divided by 2876.
2868
Calculate the remainder when 74748 is divided by 35987.
2774
What is the remainder when 86756 is divided by 4337?
16
What is the remainder when 14044013 is divided by 259?
256
What is the remainder when 14694217 is divided by 7347084?
49
What is the remainder when 2245074 is divided by 604?
6
Calculate the remainder when 115321 is divided by 2193.
1285
Calculate the remainder when 1327896 is divided by 3458.
24
What is the remainder when 3113663 is divided by 29?
20
What is the remainder when 112811312 is divided by 28202820?
32
Calculate the remainder when 6542628 is divided by 46733.
8
Calculate the remainder when 13318 is divided by 12121.
1197
What is the remainder when 7874680 is divided by 819?
814
Calculate the remainder when 3913 is divided by 2792.
1121
What is the remainder when 151452 is divided by 565?
32
What is the remainder when 322011 is divided by 40235?
131
Calculate the remainder when 525004079 is divided by 240.
239
Calculate the remainder when 62595 is divided by 3082.
955
What is the remainder when 1245794 is divided by 732?
662
What is the remainder when 10020533 is divided by 16?
5
Calculate the remainder when 51610 is divided by 1223.
244
What is the remainder when 4743534 is divided by 199?
170
Calculate the remainder when 379942 is divided by 4175.
17
Calculate the remainder when 8660905 is divided by 248.
1
Calculate the remainder when 22402658 is divided by 5600663.
6
What is the remainder when 7835992 is divided by 228?
88
Calculate the remainder when 4287737 is divided by 58736.
9
What is the remainder when 11758187 is divided by 1193